{"version":"1.0","provider_name":"Avon sz\u00e9ps\u00e9gtippek","provider_url":"https:\/\/avontippek.cafeblog.hu","author_name":"PattiVera","author_url":"https:\/\/avontippek.cafeblog.hu\/author\/pattivera\/","title":"J\u00e1tssz a sz\u00ednekkel!","html":"Amint elj\u00f6nnek az els\u0151 hideg napok, azt veszem \u00e9szre, hogy automatikusan a s\u00f6t\u00e9tebb sz\u00edn\u0171 ruh\u00e1k ut\u00e1n ny\u00falok a szekr\u00e9nyben. Pedig az \u0151sz igaz\u00e1n nem a legsz\u00edntelenebb, legzordabb \u00e9vszak\u2026s\u0151t!\r\n\r\n<a href=\"https:\/\/avontippek.cafeblog.hu\/files\/2014\/09\/psz.jpg\"><img class=\"aligncenter size-medium wp-image-422\" src=\"https:\/\/avontippek.cafeblog.hu\/files\/2014\/09\/psz-300x280.jpg\" alt=\"psz\" width=\"300\" height=\"280\" \/><\/a>\r\n\r\nN\u00e9zz\u00fcnk csak sz\u00e9t a kertben, az utc\u00e1n \u00e9s milli\u00f3nyi \u00e1rnyalat\u00e1t fogjuk l\u00e1tni a pirosnak, barn\u00e1nak \u00e9s a z\u00f6ldnek is. Mi m\u00e9gis sokszor a feket\u00e9be, sz\u00fcrk\u00e9be burkol\u00f3zunk, ami sajnos sokszor a kedv\u00fcnkre is hat\u00e1ssal van. A sz\u00ednek k\u00f6ztudottan j\u00f3 hat\u00e1ssal vannak a k\u00f6z\u00e9rzetre, ez\u00e9rt fontos, hogy ilyenkor \u0151sszel is figyelj\u00fcnk arra, hogy mindig legyen rajtunk valami sz\u00ednes! F\u0151k\u00e9nt a kieg\u00e9sz\u00edt\u0151kkel tudunk ,,j\u00e1tszani\u201d, hiszen azokkal egy s\u00f6t\u00e9tebb t\u00f3nus\u00fa ruha is lehet figyelemfelkelt\u0151.\r\n\r\nAz \u0151szi katal\u00f3gusaink is rengeteg sz\u00ednes kieg\u00e9sz\u00edt\u0151t k\u00edn\u00e1l. L\u00e1ssunk bel\u0151le n\u00e9h\u00e1nyat:\r\n\r\n<a href=\"https:\/\/avontippek.cafeblog.hu\/files\/2014\/09\/avon1.jpg\"><img class=\"aligncenter wp-image-423\" src=\"https:\/\/avontippek.cafeblog.hu\/files\/2014\/09\/avon1-300x170.jpg\" alt=\"avon1\" width=\"355\" height=\"201\" \/><\/a>\r\n\r\n\u00c9kszerek ter\u00e9n az \u00f6r\u00f6k klasszikusokat \u2013 az aranyat \u00e9s az ez\u00fcst\u00f6t - b\u00e1rmikor el\u0151h\u00fazhatjuk, de v\u00e1laszthatunk olyan kieg\u00e9sz\u00edt\u0151t is, mely garant\u00e1ltan minden szemet r\u00e1nk szegez :)\r\n\r\n<a href=\"https:\/\/avontippek.cafeblog.hu\/files\/2014\/09\/avon2.jpg\"><img class=\"aligncenter  wp-image-427\" src=\"https:\/\/avontippek.cafeblog.hu\/files\/2014\/09\/avon2-300x167.jpg\" alt=\"avon2\" width=\"347\" height=\"193\" \/><\/a>\r\n\r\nAzt most m\u00e1r tudjuk, hogy b\u0151ven tudunk mib\u0151l v\u00e1logatni, ha kieg\u00e9sz\u00edt\u0151kr\u0151l van sz\u00f3, de most n\u00e9zz\u00fck meg azt is, hogy az egyes sz\u00ednek milyen hat\u00e1ssal vannak k\u00f6z\u00e9rzet\u00fcnkre!\r\n\r\n<strong>Piros sz\u00edn \u00a0\u00a0\u00a0\u00a0 \u00a0 \u00a0 \u00a0\u00a0\u00a0 <\/strong>\r\nA <strong>piros sz\u00edn <\/strong>optimista, akt\u00edv tev\u00e9kenys\u00e9gre serkent\u0151, a forr\u00f3s\u00e1g, mozg\u00e1s, harc, szenved\u00e9lyes \u00e9let sz\u00edne. N\u00f6veli az izomt\u00f3nust, serkenti a pulzust, n\u00f6veli a v\u00e9rnyom\u00e1st, az adrenalin-kiv\u00e1laszt\u00e1st \u00e9s a m\u00e1jm\u0171k\u00f6d\u00e9st. Elm\u00e9ly\u00edti a l\u00e9legz\u00e9st.\r\n\r\n<a href=\"https:\/\/avontippek.cafeblog.hu\/files\/2014\/09\/cherry.jpg\"><img class=\"aligncenter size-medium wp-image-428\" src=\"https:\/\/avontippek.cafeblog.hu\/files\/2014\/09\/cherry-300x276.jpg\" alt=\"cherry\" width=\"300\" height=\"276\" \/><\/a>\r\n<strong>S\u00e1rga sz\u00edn \u00a0 \u00a0 \u00a0 \u00a0 \u00a0 \u00a0 <\/strong>\r\nA <strong>s\u00e1rga <\/strong>a nap, a f\u00e9ny \u00e9s az optimizmus <strong>sz\u00edne<\/strong>, mely felfriss\u00edt, tev\u00e9kenys\u00e9rgre serkent \u00e9s megfoszt a f\u00e9lelemt\u0151l. Meg\u0151rzi az \u00e9bers\u00e9get, fokozza a koncentr\u00e1ci\u00f3t, az alkot\u00f3k\u00e9sz\u00e9get \u00e9s b\u00f6lcsess\u00e9get jelk\u00e9pez.\r\n<strong>\r\n<strong>Narancss\u00e1rga sz\u00edn<\/strong><\/strong>\r\nA narancss\u00e1rga sz\u00ednsug\u00e1rz\u00f3, f\u00e9nyes, a t\u0171z \u00e9s a nap melegs\u00e9g\u00e9nek sz\u00edne. Az indi\u00e1noknak a b\u00e1tors\u00e1got \u00e9s az \u00e1ldozatk\u00e9szs\u00e9get jelk\u00e9pezi. \u00c9tv\u00e1gygerjeszt\u0151 \u00e9s seg\u00edts\u00e9get ny\u00fajt a reggeli felkel\u00e9shez.\r\nA narancsss\u00e1rga sz\u00edn er\u0151s\u00edti a t\u00fcd\u0151t, hasny\u00e1mirigyet \u00e9s a l\u00e9pet valamint serkenti a sz\u00edvm\u0171k\u00f6d\u00e9st.\r\n\r\n<img class=\"aligncenter size-medium wp-image-424\" src=\"https:\/\/avontippek.cafeblog.hu\/files\/2014\/09\/avon3-234x300.jpg\" alt=\"avon3\" width=\"234\" height=\"300\" \/>\r\n<strong>Z\u00f6ld sz\u00edn \u00a0 \u00a0\u00a0 \u00a0 \u00a0\u00a0 \u00a0 \u00a0 <\/strong>\r\nAz eg\u00e9szs\u00e9g sz\u00ednek\u00e9nt is emlegetik. A <strong>z\u00f6ld sz\u00ednnnel <\/strong>pr\u00f3b\u00e1lj\u00e1k gy\u00f3gy\u00edtani az idegkimer\u00fclts\u00e9get \u00e9s hiszt\u00e9ri\u00e1t, mert nyugtat\u00f3 hat\u00e1sssal van az idegrendszere, a kimer\u00fclts\u00e9gn\u00e9l is hat\u00e9kony, m\u00e9rs\u00e9keli a migr\u00e9nes fejf\u00e1j\u00e1st. M\u00e1sr\u00e9szt pedig a b\u00e9kess\u00e9g, nyugalom, pihen\u00e9s, elm\u00e9lked\u00e9s sz\u00edne.\r\n\r\n<a href=\"https:\/\/avontippek.cafeblog.hu\/files\/2014\/09\/zee.png\"><img class=\"aligncenter size-medium wp-image-429\" src=\"https:\/\/avontippek.cafeblog.hu\/files\/2014\/09\/zee-300x300.png\" alt=\"zee\" width=\"300\" height=\"300\" \/><\/a>\r\n\r\n<strong>Feh\u00e9r sz\u00edn<\/strong>\r\nA <strong>feh\u00e9r <\/strong>a vil\u00e1goss\u00e1g <strong>sz\u00edne <\/strong>\u00e9s mindh\u00e1rom term\u00e9szetes sz\u00edn: a s\u00e1rga, a piros \u00e9s a k\u00e9k hull\u00e1mz\u00e1s\u00e1nak kever\u00e9ke. A feh\u00e9r sz\u00ednre \u00e1ltal\u00e1ban pozit\u00edv a visszajelz\u00e9s\u00fcnk. Vil\u00e1goss\u00e1got, sz\u00fczess\u00e9get \u00e9s tisztas\u00e1got, valamint \u00faj kezdetet, a sz\u00fclet\u00e9st jelk\u00e9pezi. Egyben az istens\u00e9g a t\u00f6k\u00e9letess\u00e9g, b\u00fcszkes\u00e9g, j\u00f3s\u00e1g \u00e9s \u00f6r\u00f6kk\u00e9val\u00f3s\u00e1g szimb\u00f3luma is.\r\n<strong>K\u00e9k sz\u00edn \u00a0 \u00a0 \u00a0 \u00a0 \u00a0 \u00a0\u00a0 \u00a0 <\/strong>\r\nA <strong>k\u00e9k <\/strong>az alapsz\u00ednek k\u00f6z\u00e9 tartozik. Fiziol\u00f3giai hat\u00e1sa: megnyugtatja a sz\u00edvdobog\u00e1st, m\u00e9rs\u00e9kli a l\u00e9gz\u00e9si ritmust, nyugtat\u00f3lag hat, szellemi tev\u00e9kenys\u00e9gre, introspektivit\u00e1sra, koncentr\u00e1l\u00e1sra, befel\u00e9 val\u00f3 ir\u00e1nyults\u00e1gra k\u00e9sztet- a b\u00e9kess\u00e9g \u00e9s a pihen\u00e9s sz\u00ednek\u00e9nt jellemzik.\r\n\r\n<a href=\"https:\/\/avontippek.cafeblog.hu\/files\/2014\/09\/ny.jpg\"><img class=\"aligncenter size-medium wp-image-430\" src=\"https:\/\/avontippek.cafeblog.hu\/files\/2014\/09\/ny-300x220.jpg\" alt=\"ny\" width=\"300\" height=\"220\" \/><\/a>\r\n<em>(forr\u00e1s: http:\/\/www.napfenyes-szinek.hu\/hu\/kiegeszito-informaciok\/a-szinek-es-a-kornyezetre-gyakorolt-hatasuk\/a-szinek-kozerzetre-gyakorolt-hatasa)<\/em>\r\n\r\n&nbsp;","type":"rich"}

Avon szépségtippek

Játssz a színekkel!

Amint eljönnek az első hideg napok, azt veszem észre, hogy automatikusan a sötétebb színű ruhák után nyúlok a szekrényben. Pedig az ősz igazán nem a legszíntelenebb, legzordabb évszak…sőt!

<a href="https://avontippek.cafeblog.hu/files/2014/09/psz.jpg"><img class="aligncenter size-medium wp-image-422" src="https://avontippek.cafeblog.hu/files/2014/09/psz-300x280.jpg" alt="psz" width="300" height="280" /></a>

Nézzünk csak szét a kertben, az utcán és milliónyi árnyalatát fogjuk látni a pirosnak, barnának és a zöldnek is. Mi mégis sokszor a feketébe, szürkébe burkolózunk, ami sajnos sokszor a kedvünkre is hatással van. A színek köztudottan jó hatással vannak a közérzetre, ezért fontos, hogy ilyenkor ősszel is figyeljünk arra, hogy mindig legyen rajtunk valami színes! Főként a kiegészítőkkel tudunk ,,játszani”, hiszen azokkal egy sötétebb tónusú ruha is lehet figyelemfelkeltő.

Az őszi katalógusaink is rengeteg színes kiegészítőt kínál. Lássunk belőle néhányat:

<a href="https://avontippek.cafeblog.hu/files/2014/09/avon1.jpg"><img class="aligncenter wp-image-423" src="https://avontippek.cafeblog.hu/files/2014/09/avon1-300x170.jpg" alt="avon1" width="355" height="201" /></a>

Ékszerek terén az örök klasszikusokat – az aranyat és az ezüstöt - bármikor előhúzhatjuk, de választhatunk olyan kiegészítőt is, mely garantáltan minden szemet ránk szegez :)

<a href="https://avontippek.cafeblog.hu/files/2014/09/avon2.jpg"><img class="aligncenter  wp-image-427" src="https://avontippek.cafeblog.hu/files/2014/09/avon2-300x167.jpg" alt="avon2" width="347" height="193" /></a>

Azt most már tudjuk, hogy bőven tudunk miből válogatni, ha kiegészítőkről van szó, de most nézzük meg azt is, hogy az egyes színek milyen hatással vannak közérzetünkre!

<strong>Piros szín              </strong>
A <strong>piros szín </strong>optimista, aktív tevékenységre serkentő, a forróság, mozgás, harc, szenvedélyes élet színe. Növeli az izomtónust, serkenti a pulzust, növeli a vérnyomást, az adrenalin-kiválasztást és a májműködést. Elmélyíti a lélegzést.

<a href="https://avontippek.cafeblog.hu/files/2014/09/cherry.jpg"><img class="aligncenter size-medium wp-image-428" src="https://avontippek.cafeblog.hu/files/2014/09/cherry-300x276.jpg" alt="cherry" width="300" height="276" /></a>
<strong>Sárga szín             </strong>
A <strong>sárga </strong>a nap, a fény és az optimizmus <strong>színe</strong>, mely felfrissít, tevékenysérgre serkent és megfoszt a félelemtől. Megőrzi az éberséget, fokozza a koncentrációt, az alkotókészéget és bölcsességet jelképez.
<strong>
<strong>Narancssárga szín</strong></strong>
A narancssárga színsugárzó, fényes, a tűz és a nap melegségének színe. Az indiánoknak a bátorságot és az áldozatkészséget jelképezi. Étvágygerjesztő és segítséget nyújt a reggeli felkeléshez.
A narancsssárga szín erősíti a tüdőt, hasnyámirigyet és a lépet valamint serkenti a szívműködést.

<img class="aligncenter size-medium wp-image-424" src="https://avontippek.cafeblog.hu/files/2014/09/avon3-234x300.jpg" alt="avon3" width="234" height="300" />
<strong>Zöld szín               </strong>
Az egészség színeként is emlegetik. A <strong>zöld színnnel </strong>próbálják gyógyítani az idegkimerültséget és hisztériát, mert nyugtató hatásssal van az idegrendszere, a kimerültségnél is hatékony, mérsékeli a migrénes fejfájást. Másrészt pedig a békesség, nyugalom, pihenés, elmélkedés színe.

<a href="https://avontippek.cafeblog.hu/files/2014/09/zee.png"><img class="aligncenter size-medium wp-image-429" src="https://avontippek.cafeblog.hu/files/2014/09/zee-300x300.png" alt="zee" width="300" height="300" /></a>

<strong>Fehér szín</strong>
A <strong>fehér </strong>a világosság <strong>színe </strong>és mindhárom természetes szín: a sárga, a piros és a kék hullámzásának keveréke. A fehér színre általában pozitív a visszajelzésünk. Világosságot, szüzességet és tisztaságot, valamint új kezdetet, a születést jelképezi. Egyben az istenség a tökéletesség, büszkeség, jóság és örökkévalóság szimbóluma is.
<strong>Kék szín                </strong>
A <strong>kék </strong>az alapszínek közé tartozik. Fiziológiai hatása: megnyugtatja a szívdobogást, mérsékli a légzési ritmust, nyugtatólag hat, szellemi tevékenységre, introspektivitásra, koncentrálásra, befelé való irányultságra késztet- a békesség és a pihenés színeként jellemzik.

<a href="https://avontippek.cafeblog.hu/files/2014/09/ny.jpg"><img class="aligncenter size-medium wp-image-430" src="https://avontippek.cafeblog.hu/files/2014/09/ny-300x220.jpg" alt="ny" width="300" height="220" /></a>
<em>(forrás: http://www.napfenyes-szinek.hu/hu/kiegeszito-informaciok/a-szinek-es-a-kornyezetre-gyakorolt-hatasuk/a-szinek-kozerzetre-gyakorolt-hatasa)</em>

&nbsp;
